{"id":61,"date":"2015-12-06T22:03:56","date_gmt":"2015-12-06T21:03:56","guid":{"rendered":"http:\/\/localhost\/wordpress\/?page_id=61"},"modified":"2021-05-01T09:32:02","modified_gmt":"2021-05-01T08:32:02","slug":"daniel-joseph-lallement","status":"publish","type":"page","link":"https:\/\/association-schole.com\/index.php\/auteurs\/daniel-joseph-lallement\/","title":{"rendered":"Daniel-Joseph Lallement"},"content":{"rendered":"<h1><strong>Daniel-Joseph Lallement<\/strong><\/h1>\n<h2><em><strong>Biographie<\/strong><\/em><\/h2>\n<p>Daniel-Joseph Lallement (1892-1977) entra au s\u00e9minaire de Reims \u00e0 l&rsquo;\u00e2ge de 17 ans. D&rsquo;une grande pr\u00e9cocit\u00e9 d&rsquo;intelligence, il se plonge alors et de sa propre initiative dans la lecture des \u0153uvres de saint Thomas d&rsquo;Aquin. Il \u00e9tudie \u00e0 l&rsquo;Angelicum de Rome pendant un an, est ordonn\u00e9 pr\u00eatre en 1919 et poursuit sa formation \u00e0 l&rsquo;Institut Catholique de Paris et \u00e0 la Sorbonne.<br \/>\nA partir de 1921 il enseigne \u00e0 l&rsquo;Institut Catholique, et cela pendant 42 ans : il donne d&rsquo;abord un cours d&rsquo;histoire de la philosophie moderne\u00a0; puis on lui confie la chaire de \u00ab\u00a0sociologie\u00a0\u00bb, et plus tard celle de m\u00e9taphysique. Il assure par ailleurs de nombreux enseignements, pr\u00e9dications et entretiens, aupr\u00e8s notamment des Cercles thomistes, de l\u2019Universit\u00e9 F\u00e9minine, de congr\u00e9gations religieuses.<br \/>\nAu sujet de la condamnation de l&rsquo;Action Fran\u00e7aise par le Pape Pie XI, il participe \u00e0 la r\u00e9daction de <em>Pourquoi Rome a parl\u00e9<\/em> en 1927, puis de <em>Clairvoyance de Rome<\/em>. En 1935, \u00e0 la demande de l&rsquo;Assembl\u00e9e des Cardinaux et Archev\u00eaques de France, il r\u00e9dige une synth\u00e8se de la doctrine sociale de l&rsquo;Eglise : <em>Principes Catholiques d&rsquo;Action Civique<\/em>.<br \/>\nS&rsquo;il a enseign\u00e9 la philosophie, la \u00ab\u00a0sociologie\u00a0\u00bb et la m\u00e9taphysique, il consid\u00e9rait que sa mission principale \u00e9tait celle de th\u00e9ologien : il s&rsquo;appliqua toute sa vie \u00e0 \u00e9tudier, m\u00e9diter et transmettre l\u2019enseignement de saint Thomas d&rsquo;Aquin. Sa comp\u00e9tence de philosophe\u00a0lui permit aussi d&rsquo;analyser de mani\u00e8re tr\u00e8s \u00e9clairante les grands courants de la pens\u00e9e moderne et les id\u00e9ologies contemporaines.<\/p>\n<p>.<\/p>\n<h2><em><strong>Quelques titres parmi ses \u0153uvres publi\u00e9es<br \/>\n<\/strong><\/em><\/h2>\n<p><strong><em>Commentaire du \u00ab De Ente et Essentia \u00bb de saint Thomas d&rsquo;Aquin<\/em><\/strong><br \/>\n<em><strong>Introduction \u00e0 l&rsquo;\u00e9tude philosophique des Noms divins<\/strong><\/em><br \/>\n<strong><em>Le Christianisme, vivre en homme la vie divine<\/em><\/strong><br \/>\n<strong><em>La Sainte Trinit\u00e9, Myst\u00e8re de la joie chr\u00e9tienne<\/em><\/strong><br \/>\n<em><strong>La connaissance de Dieu<\/strong><\/em><br \/>\n<em><strong>Vivre en chr\u00e9tien dans notre temps<\/strong><\/em><br \/>\n<em><strong>Bienfaits spirituels de la nouvelle liturgie<\/strong><\/em><\/p>\n<p>(\u00c9ditions T\u00e9qui)<\/p>\n","protected":false},"excerpt":{"rendered":"<p>Daniel-Joseph Lallement Biographie Daniel-Joseph Lallement (1892-1977) entra au s\u00e9minaire de Reims \u00e0 l&rsquo;\u00e2ge de 17 ans. D&rsquo;une grande pr\u00e9cocit\u00e9 d&rsquo;intelligence, il se plonge alors et de sa propre initiative dans la lecture des \u0153uvres de saint Thomas d&rsquo;Aquin. Il \u00e9tudie \u00e0 l&rsquo;Angelicum de Rome pendant un an, est ordonn\u00e9 pr\u00eatre en 1919 et poursuit sa &hellip; <a href=\"https:\/\/association-schole.com\/index.php\/auteurs\/daniel-joseph-lallement\/\" class=\"more-link\">Continuer la lecture de <span class=\"screen-reader-text\">Daniel-Joseph Lallement<\/span> <span class=\"meta-nav\">&rarr;<\/span><\/a><\/p>\n","protected":false},"author":1,"featured_media":0,"parent":21,"menu_order":0,"comment_status":"closed","ping_status":"closed","template":"","meta":{"footnotes":""},"class_list":["post-61","page","type-page","status-publish","hentry"],"_links":{"self":[{"href":"https:\/\/association-schole.com\/index.php\/wp-json\/wp\/v2\/pages\/61","targetHints":{"allow":["GET"]}}],"collection":[{"href":"https:\/\/association-schole.com\/index.php\/wp-json\/wp\/v2\/pages"}],"about":[{"href":"https:\/\/association-schole.com\/index.php\/wp-json\/wp\/v2\/types\/page"}],"author":[{"embeddable":true,"href":"https:\/\/association-schole.com\/index.php\/wp-json\/wp\/v2\/users\/1"}],"replies":[{"embeddable":true,"href":"https:\/\/association-schole.com\/index.php\/wp-json\/wp\/v2\/comments?post=61"}],"version-history":[{"count":14,"href":"https:\/\/association-schole.com\/index.php\/wp-json\/wp\/v2\/pages\/61\/revisions"}],"predecessor-version":[{"id":357,"href":"https:\/\/association-schole.com\/index.php\/wp-json\/wp\/v2\/pages\/61\/revisions\/357"}],"up":[{"embeddable":true,"href":"https:\/\/association-schole.com\/index.php\/wp-json\/wp\/v2\/pages\/21"}],"wp:attachment":[{"href":"https:\/\/association-schole.com\/index.php\/wp-json\/wp\/v2\/media?parent=61"}],"curies":[{"name":"wp","href":"https:\/\/api.w.org\/{rel}","templated":true}]}}