{"id":483,"date":"2024-05-15T17:04:58","date_gmt":"2024-05-15T16:04:58","guid":{"rendered":"https:\/\/association-schole.com\/?page_id=483"},"modified":"2026-04-10T15:06:04","modified_gmt":"2026-04-10T14:06:04","slug":"actualites","status":"publish","type":"page","link":"https:\/\/association-schole.com\/","title":{"rendered":"ACTUALIT\u00c9S"},"content":{"rendered":"\n<h1 class=\"wp-block-heading\">Actualit\u00e9s<\/h1>\n\n\n\n<p>L&rsquo;association Schol\u00e8 <em>\u00ab\u00a0Du temps pour penser\u00a0\u00bb<\/em> a pour but d&rsquo;introduire \u00e0 la pens\u00e9e, toujours actuelle, d\u2019Aristote et de Thomas d\u2019Aquin (<em>voir la page<\/em> : <a href=\"https:\/\/association-schole.com\/index.php\/accueil\/\" data-type=\"page\" data-id=\"8\">SCHOL\u00c8<\/a>).<br>.<\/p>\n\n\n<p><strong><span style=\"color: #0000ff;\">Conf\u00e9rence :<\/span><br \/><\/strong>Le 26 mars 2026, une soir\u00e9e &#8211; d\u00e9bat a \u00e9t\u00e9 organis\u00e9e sur <em>\u00ab\u00a0Les bienfaits spirituels de la r\u00e9forme liturgique\u00a0\u00bb<\/em>, anim\u00e9e par le fr\u00e8re Gilles Berceville op et le P\u00e8re Gilles Drouin, autour du livre du chanoine D.J. Lallement.<\/p>\n<p><strong>Pour \u00e9couter la conf\u00e9rence :<\/strong> <audio class=\"wp-audio-shortcode\" id=\"audio-483-1\" preload=\"none\" style=\"width: 100%;\" controls=\"controls\"><source type=\"audio\/mpeg\" src=\"http:\/\/association-schole.com\/wp-content\/uploads\/2026\/04\/conference-26-mars-2026.mp3?_=1\" \/><a href=\"http:\/\/association-schole.com\/wp-content\/uploads\/2026\/04\/conference-26-mars-2026.mp3\">http:\/\/association-schole.com\/wp-content\/uploads\/2026\/04\/conference-26-mars-2026.mp3<\/a><\/audio><\/p>\n<p><strong>Pour \u00e9couter le d\u00e9bat :<\/strong> <audio class=\"wp-audio-shortcode\" id=\"audio-483-2\" preload=\"none\" style=\"width: 100%;\" controls=\"controls\"><source type=\"audio\/mpeg\" src=\"http:\/\/association-schole.com\/wp-content\/uploads\/2026\/04\/debat-26-mars-2026.mp3?_=2\" \/><a href=\"http:\/\/association-schole.com\/wp-content\/uploads\/2026\/04\/debat-26-mars-2026.mp3\">http:\/\/association-schole.com\/wp-content\/uploads\/2026\/04\/debat-26-mars-2026.mp3<\/a><\/audio><\/p>\n\n<p><!-- \/wp:post-content --><br \/><!-- wp:paragraph --><\/p>\n<p><strong><span style=\"color: #0000ff;\">Ateliers d&rsquo;\u00e9changes pilosophiques :<\/span><br \/><\/strong>\n<p>L\u2019association Schol\u00e8 a organis\u00e9 d\u00e9but 2026 des <strong>ateliers d&rsquo;\u00e9changes philosophiques<\/strong> ouverts \u00e0 tous,<br \/>anim\u00e9s par le fr\u00e8re Gilles Berceville op, sur le th\u00e8me : <strong><em>L&rsquo;Eucharistie, myst\u00e8re de la foi<\/em><\/strong> autour du livre du chanoine D.J. Lallement.<br \/> Vous pouvez \u00e9couter ci-dessous les enregistrements de ces ateliers :<\/p>\n<p><strong>15\/1\/2026\u00a0:<\/strong>\u00a0 Chapitres 1 et 2 <audio class=\"wp-audio-shortcode\" id=\"audio-483-3\" preload=\"none\" style=\"width: 100%;\" controls=\"controls\"><source type=\"audio\/mpeg\" src=\"http:\/\/association-schole.com\/wp-content\/uploads\/2026\/01\/atelier-du-15-janvier-2026.mp3?_=3\" \/><a href=\"http:\/\/association-schole.com\/wp-content\/uploads\/2026\/01\/atelier-du-15-janvier-2026.mp3\">http:\/\/association-schole.com\/wp-content\/uploads\/2026\/01\/atelier-du-15-janvier-2026.mp3<\/a><\/audio><\/p>\n<p><strong>22\/1\/2026\u00a0:<\/strong>\u00a0 Chapitre 3<br \/><i>Pas d&rsquo;enregistrement<\/i><\/p>\n<p><strong>29\/1\/2026\u00a0:<\/strong>\u00a0 Chapitre 5 <audio class=\"wp-audio-shortcode\" id=\"audio-483-4\" preload=\"none\" style=\"width: 100%;\" controls=\"controls\"><source type=\"audio\/mpeg\" src=\"http:\/\/association-schole.com\/wp-content\/uploads\/2026\/01\/atelier-du-29-janvier-2026.mp3?_=4\" \/><a href=\"http:\/\/association-schole.com\/wp-content\/uploads\/2026\/01\/atelier-du-29-janvier-2026.mp3\">http:\/\/association-schole.com\/wp-content\/uploads\/2026\/01\/atelier-du-29-janvier-2026.mp3<\/a><\/audio><\/p>\n<p><strong> 5\/2\/2026\u00a0:<\/strong>\u00a0 Chapitre 7 <audio class=\"wp-audio-shortcode\" id=\"audio-483-5\" preload=\"none\" style=\"width: 100%;\" controls=\"controls\"><source type=\"audio\/mpeg\" src=\"http:\/\/association-schole.com\/wp-content\/uploads\/2026\/02\/atelier-du-5-fevrier-2026.mp3?_=5\" \/><a href=\"http:\/\/association-schole.com\/wp-content\/uploads\/2026\/02\/atelier-du-5-fevrier-2026.mp3\">http:\/\/association-schole.com\/wp-content\/uploads\/2026\/02\/atelier-du-5-fevrier-2026.mp3<\/a><\/audio><\/p>\n<p><!-- \/wp:paragraph --><\/p>","protected":false},"excerpt":{"rendered":"<p>Actualit\u00e9s L&rsquo;association Schol\u00e8 \u00ab\u00a0Du temps pour penser\u00a0\u00bb a pour but d&rsquo;introduire \u00e0 la pens\u00e9e, toujours actuelle, d\u2019Aristote et de Thomas d\u2019Aquin (voir la page : SCHOL\u00c8).. Conf\u00e9rence :Le 26 mars 2026, une soir\u00e9e &#8211; d\u00e9bat a \u00e9t\u00e9 organis\u00e9e sur \u00ab\u00a0Les bienfaits spirituels de la r\u00e9forme liturgique\u00a0\u00bb, anim\u00e9e par le fr\u00e8re Gilles Berceville op et le &hellip; <a href=\"https:\/\/association-schole.com\/\" class=\"more-link\">Continuer la lecture de <span class=\"screen-reader-text\">ACTUALIT\u00c9S<\/span> <span class=\"meta-nav\">&rarr;<\/span><\/a><\/p>\n","protected":false},"author":1,"featured_media":0,"parent":0,"menu_order":0,"comment_status":"closed","ping_status":"closed","template":"","meta":{"footnotes":""},"class_list":["post-483","page","type-page","status-publish","hentry"],"_links":{"self":[{"href":"https:\/\/association-schole.com\/index.php\/wp-json\/wp\/v2\/pages\/483","targetHints":{"allow":["GET"]}}],"collection":[{"href":"https:\/\/association-schole.com\/index.php\/wp-json\/wp\/v2\/pages"}],"about":[{"href":"https:\/\/association-schole.com\/index.php\/wp-json\/wp\/v2\/types\/page"}],"author":[{"embeddable":true,"href":"https:\/\/association-schole.com\/index.php\/wp-json\/wp\/v2\/users\/1"}],"replies":[{"embeddable":true,"href":"https:\/\/association-schole.com\/index.php\/wp-json\/wp\/v2\/comments?post=483"}],"version-history":[{"count":114,"href":"https:\/\/association-schole.com\/index.php\/wp-json\/wp\/v2\/pages\/483\/revisions"}],"predecessor-version":[{"id":725,"href":"https:\/\/association-schole.com\/index.php\/wp-json\/wp\/v2\/pages\/483\/revisions\/725"}],"wp:attachment":[{"href":"https:\/\/association-schole.com\/index.php\/wp-json\/wp\/v2\/media?parent=483"}],"curies":[{"name":"wp","href":"https:\/\/api.w.org\/{rel}","templated":true}]}}