{"id":369,"date":"2021-12-10T12:36:54","date_gmt":"2021-12-10T11:36:54","guid":{"rendered":"http:\/\/association-schole.com\/?page_id=369"},"modified":"2021-12-11T19:09:37","modified_gmt":"2021-12-11T18:09:37","slug":"charles-de-koninck","status":"publish","type":"page","link":"http:\/\/association-schole.com\/index.php\/charles-de-koninck\/","title":{"rendered":"Charles De Koninck"},"content":{"rendered":"\n<h1 class=\"wp-block-heading\"><strong>Charles De Koninck<\/strong><\/h1>\n\n\n\n<h2 class=\"wp-block-heading\"><em>Biographie<\/em><\/h2>\n\n\n<p>Charles De Koninck (1906-1965), n\u00e9 \u00e0 Torhout en Belgique, est un philosophe qui a enseign\u00e9 principalement \u00e0 l\u2019universit\u00e9 Laval, au Qu\u00e9bec, de 1934 \u00e0 1965. Longtemps doyen de la facult\u00e9 de philosophie de cette institution, son enseignement a beaucoup rayonn\u00e9 \u00e0 l\u2019international d\u00e8s son vivant, par le biais notamment des cours et des conf\u00e9rences qu\u2019il a eu l\u2019occasion de donner \u00e0 l\u2019\u00e9tranger.<\/p>\n<p>Apr\u00e8s des \u00e9tudes r\u00e9alis\u00e9es \u00e0 partir de 1921 au coll\u00e8ge Notre-Dame d\u2019Ostende et trois ann\u00e9es pass\u00e9es aupr\u00e8s des dominicains de Gand (1925-1928), il obtint un doctorat en 1934 en philosophie \u00e0 l\u2019universit\u00e9 de Louvain portant sur l\u2019\u0153uvre de l\u2019astrophysicien Sir Arthur Eddington. Il fut engag\u00e9 par Mgr Maurice Roy \u00e0 l\u2019universit\u00e9 Laval peu apr\u00e8s. Sa vie sera d\u00e9sormais \u00e0 Qu\u00e9bec avec sa femme et ses nombreux enfants.<\/p>\n<p>De concert avec les autres enseignants de la facult\u00e9 de l\u2019universit\u00e9 Laval, en particulier Mgr Maurice Dionne, l\u2019abb\u00e9 Jasmin Boulay et Jacques de Monl\u00e9on, il travaillera \u00e0 faire conna\u00eetre et aimer la philosophie, en particulier telle qu\u2019enseign\u00e9e par Aristote et Thomas d\u2019Aquin.<\/p>\n<p>Il fonda en 1935 une \u00ab\u00a0Soci\u00e9t\u00e9 de philosophie de Qu\u00e9bec\u00a0\u00bb dans sa ville d\u2019adoption, soci\u00e9t\u00e9 dont il fut longtemps pr\u00e9sident. Il fonda aussi en 1945 la revue <em>Laval th\u00e9ologique et philosophique<\/em>, toujours active, \u00e0 laquelle il contribua par de nombreux articles.<\/p>\n<h2><em>Son \u0153uvre<\/em><\/h2>\n<p>L\u2019\u0153uvre de Charles De Koninck se distingue habituellement en trois volets\u00a0:<\/p>\n<p>1) son apport \u00e0 la philosophie de la nature et des sciences fortement aliment\u00e9 par la pens\u00e9e d\u2019Aristote et d\u2019Eddington ;<\/p>\n<p>2) son apport \u00e0 la philosophie sociale et politique, qui accorde une large place \u00e0 l\u2019id\u00e9e du bien commun ;<\/p>\n<p>3) ses m\u00e9ditations sur la th\u00e9ologie mariale, qui contribu\u00e8rent notamment \u00e0 la d\u00e9finition du dogme catholique de l\u2019assomption de la Vierge Marie.<\/p>\n<p>Ces trois axes sont reproduits dans les trois premiers tomes de ses \u0153uvres principales, parus aux Presses de l\u2019Universit\u00e9 Laval (PUL). \u00c0 ces trois tomes sont ajout\u00e9s un quatri\u00e8me tome d\u2019in\u00e9dits en provenance de ses archives, qui contribuent \u00e0 la compr\u00e9hension de sa vision g\u00e9n\u00e9rale de la philosophie.<\/p>\n<p>Pour consulter le site des Presses de l\u2019Universit\u00e9 Laval (PUL), cliquer ici\u00a0: <a href=\"https:\/\/www.pulaval.com\/\">https:\/\/www.pulaval.com\/<\/a><\/p>\n<p>Tous les articles parus dans le <em>Laval th\u00e9ologique et philosophique <\/em>de Charles De Koninck sont accessibles ici\u00a0: <a href=\"https:\/\/www.erudit.org\/fr\/revues\/ltp\/auteurs\/?letter=D\">https:\/\/www.erudit.org\/fr\/revues\/ltp\/auteurs\/?letter=D<\/a><\/p>\n<p>Une \u00e9dition en anglais de ses \u00e9crits est en cours, avec deux volumes parus ; cliquer ici : <a href=\"https:\/\/undpress.nd.edu\/books\/?keyword=koninck\">https:\/\/undpress.nd.edu\/books\/?keyword=koninck<\/a><\/p>\n<p style=\"text-align: right;\"><em>Maxime Valcourt-Blouin<\/em><br \/><em> chercheur charg\u00e9 de la publication des archives Charles De Koninck \u00e0 l\u2019Universit\u00e9 Laval<\/em><\/p>","protected":false},"excerpt":{"rendered":"<p>Charles De Koninck Biographie Charles De Koninck (1906-1965), n\u00e9 \u00e0 Torhout en Belgique, est un philosophe qui a enseign\u00e9 principalement \u00e0 l\u2019universit\u00e9 Laval, au Qu\u00e9bec, de 1934 \u00e0 1965. Longtemps doyen de la facult\u00e9 de philosophie de cette institution, son enseignement a beaucoup rayonn\u00e9 \u00e0 l\u2019international d\u00e8s son vivant, par le biais notamment des cours &hellip; <a href=\"http:\/\/association-schole.com\/index.php\/charles-de-koninck\/\" class=\"more-link\">Continuer la lecture de <span class=\"screen-reader-text\">Charles De Koninck<\/span> <span class=\"meta-nav\">&rarr;<\/span><\/a><\/p>\n","protected":false},"author":1,"featured_media":0,"parent":0,"menu_order":0,"comment_status":"closed","ping_status":"closed","template":"","meta":{"footnotes":""},"class_list":["post-369","page","type-page","status-publish","hentry"],"_links":{"self":[{"href":"http:\/\/association-schole.com\/index.php\/wp-json\/wp\/v2\/pages\/369","targetHints":{"allow":["GET"]}}],"collection":[{"href":"http:\/\/association-schole.com\/index.php\/wp-json\/wp\/v2\/pages"}],"about":[{"href":"http:\/\/association-schole.com\/index.php\/wp-json\/wp\/v2\/types\/page"}],"author":[{"embeddable":true,"href":"http:\/\/association-schole.com\/index.php\/wp-json\/wp\/v2\/users\/1"}],"replies":[{"embeddable":true,"href":"http:\/\/association-schole.com\/index.php\/wp-json\/wp\/v2\/comments?post=369"}],"version-history":[{"count":11,"href":"http:\/\/association-schole.com\/index.php\/wp-json\/wp\/v2\/pages\/369\/revisions"}],"predecessor-version":[{"id":392,"href":"http:\/\/association-schole.com\/index.php\/wp-json\/wp\/v2\/pages\/369\/revisions\/392"}],"wp:attachment":[{"href":"http:\/\/association-schole.com\/index.php\/wp-json\/wp\/v2\/media?parent=369"}],"curies":[{"name":"wp","href":"https:\/\/api.w.org\/{rel}","templated":true}]}}